[INFO] fetching crate tc-finality-grandpa-rpc 0.8.0...
[INFO] building tc-finality-grandpa-rpc-0.8.0 against master#881c1ac408d93bb7adaa3a51dabab9266e82eee8 for issue-85264
[INFO] extracting crate tc-finality-grandpa-rpc 0.8.0 into /workspace/builds/worker-11/source
[INFO] validating manifest of crates.io crate tc-finality-grandpa-rpc 0.8.0 on toolchain 881c1ac408d93bb7adaa3a51dabab9266e82eee8
[INFO] running `Command { std: "/workspace/cargo-home/bin/cargo" "+881c1ac408d93bb7adaa3a51dabab9266e82eee8" "metadata" "--manifest-path" "Cargo.toml" "--no-deps", kill_on_drop: false }`
[INFO] started tweaking crates.io crate tc-finality-grandpa-rpc 0.8.0
[INFO] finished tweaking crates.io crate tc-finality-grandpa-rpc 0.8.0
[INFO] tweaked toml for crates.io crate tc-finality-grandpa-rpc 0.8.0 written to /workspace/builds/worker-11/source/Cargo.toml
[INFO] running `Command { std: "/workspace/cargo-home/bin/cargo" "+881c1ac408d93bb7adaa3a51dabab9266e82eee8" "generate-lockfile" "--manifest-path" "Cargo.toml" "-Zno-index-update", kill_on_drop: false }`
[INFO] running `Command { std: "/workspace/cargo-home/bin/cargo" "+881c1ac408d93bb7adaa3a51dabab9266e82eee8" "fetch" "--manifest-path" "Cargo.toml", kill_on_drop: false }`
[INFO] [stderr]     Blocking waiting for file lock on package cache
[INFO] running `Command { std: "docker" "create" "-v" "/var/lib/crater-agent-workspace/builds/worker-11/target:/opt/rustwide/target:rw,Z" "-v" "/var/lib/crater-agent-workspace/builds/worker-11/source:/opt/rustwide/workdir:ro,Z" "-v" "/var/lib/crater-agent-workspace/cargo-home:/opt/rustwide/cargo-home:ro,Z" "-v" "/var/lib/crater-agent-workspace/rustup-home:/opt/rustwide/rustup-home:ro,Z" "-e" "SOURCE_DIR=/opt/rustwide/workdir" "-e" "CARGO_TARGET_DIR=/opt/rustwide/target" "-e" "CARGO_HOME=/opt/rustwide/cargo-home" "-e" "RUSTUP_HOME=/opt/rustwide/rustup-home" "-w" "/opt/rustwide/workdir" "-m" "1610612736" "--user" "0:0" "--network" "none" "ghcr.io/rust-lang/crates-build-env/linux@sha256:20528e8c29e4536546f0102ce88568b16ea7538393a33fcca951030f7af10457" "/opt/rustwide/cargo-home/bin/cargo" "+881c1ac408d93bb7adaa3a51dabab9266e82eee8" "metadata" "--no-deps" "--format-version=1", kill_on_drop: false }`
[INFO] [stdout] f0ec0717687c99ccf74d2adb4a213541a8d1861c6a088ee1164d0748c9c28022
[INFO] [stderr] WARNING: Your kernel does not support swap limit capabilities or the cgroup is not mounted. Memory limited without swap.
[INFO] running `Command { std: "docker" "start" "-a" "f0ec0717687c99ccf74d2adb4a213541a8d1861c6a088ee1164d0748c9c28022", kill_on_drop: false }`
[INFO] running `Command { std: "docker" "inspect" "f0ec0717687c99ccf74d2adb4a213541a8d1861c6a088ee1164d0748c9c28022", kill_on_drop: false }`
[INFO] running `Command { std: "docker" "rm" "-f" "f0ec0717687c99ccf74d2adb4a213541a8d1861c6a088ee1164d0748c9c28022", kill_on_drop: false }`
[INFO] [stdout] f0ec0717687c99ccf74d2adb4a213541a8d1861c6a088ee1164d0748c9c28022
[INFO] running `Command { std: "docker" "create" "-v" "/var/lib/crater-agent-workspace/builds/worker-11/target:/opt/rustwide/target:rw,Z" "-v" "/var/lib/crater-agent-workspace/builds/worker-11/source:/opt/rustwide/workdir:ro,Z" "-v" "/var/lib/crater-agent-workspace/cargo-home:/opt/rustwide/cargo-home:ro,Z" "-v" "/var/lib/crater-agent-workspace/rustup-home:/opt/rustwide/rustup-home:ro,Z" "-e" "SOURCE_DIR=/opt/rustwide/workdir" "-e" "CARGO_TARGET_DIR=/opt/rustwide/target" "-e" "CARGO_INCREMENTAL=0" "-e" "RUST_BACKTRACE=full" "-e" "RUSTFLAGS=--cap-lints=forbid" "-e" "CARGO_HOME=/opt/rustwide/cargo-home" "-e" "RUSTUP_HOME=/opt/rustwide/rustup-home" "-w" "/opt/rustwide/workdir" "-m" "1610612736" "--user" "0:0" "--network" "none" "ghcr.io/rust-lang/crates-build-env/linux@sha256:20528e8c29e4536546f0102ce88568b16ea7538393a33fcca951030f7af10457" "/opt/rustwide/cargo-home/bin/cargo" "+881c1ac408d93bb7adaa3a51dabab9266e82eee8" "build" "--frozen" "--message-format=json", kill_on_drop: false }`
[INFO] [stdout] 446990f22f86c945f48b0edb7a2974e097910950158c459aef8211588867ad41
[INFO] [stderr] WARNING: Your kernel does not support swap limit capabilities or the cgroup is not mounted. Memory limited without swap.
[INFO] running `Command { std: "docker" "start" "-a" "446990f22f86c945f48b0edb7a2974e097910950158c459aef8211588867ad41", kill_on_drop: false }`
[INFO] [stderr]    Compiling percent-encoding v1.0.1
[INFO] [stderr]    Compiling futures-util v0.3.15
[INFO] [stderr]    Compiling lock_api v0.3.4
[INFO] [stderr]    Compiling parking_lot_core v0.7.2
[INFO] [stderr]    Compiling idna v0.1.5
[INFO] [stderr]    Compiling tracing-attributes v0.1.15
[INFO] [stderr]    Compiling async-trait v0.1.50
[INFO] [stderr]    Compiling derive_more v0.99.14
[INFO] [stderr]    Compiling minicbor-derive v0.6.3
[INFO] [stderr]    Compiling tetsy-libp2p-core-derive v0.21.1
[INFO] [stderr]    Compiling chrono v0.4.19
[INFO] [stderr]    Compiling value-bag v1.0.0-alpha.7
[INFO] [stderr]    Compiling serde v1.0.126
[INFO] [stderr]    Compiling failure_derive v0.1.8
[INFO] [stderr]    Compiling thiserror v1.0.25
[INFO] [stderr]    Compiling prost v0.7.0
[INFO] [stderr]    Compiling ref-cast v1.0.6
[INFO] [stderr]    Compiling pin-project v1.0.7
[INFO] [stderr]    Compiling dyn-clonable v0.9.0
[INFO] [stderr]    Compiling pin-project v0.4.28
[INFO] [stderr]    Compiling asn1_der v0.6.3
[INFO] [stderr]    Compiling zeroize v1.3.0
[INFO] [stderr]    Compiling prometheus v0.10.0
[INFO] [stderr]    Compiling log v0.4.14
[INFO] [stderr]    Compiling libsecp256k1 v0.3.5
[INFO] [stderr]    Compiling parking_lot v0.10.2
[INFO] [stderr]    Compiling curve25519-dalek v3.1.0
[INFO] [stderr]    Compiling merlin v2.0.1
[INFO] [stderr]    Compiling curve25519-dalek v2.1.2
[INFO] [stderr]    Compiling secrecy v0.7.0
[INFO] [stderr]    Compiling tiny-bip39 v0.8.0
[INFO] [stderr]    Compiling chacha20 v0.5.0
[INFO] [stderr]    Compiling prost-types v0.7.0
[INFO] [stderr]    Compiling tracing-log v0.1.2
[INFO] [stderr]    Compiling tetsy-trie-db v0.22.3
[INFO] [stderr]    Compiling polling v2.0.3
[INFO] [stderr]    Compiling wasm-bindgen-backend v0.2.74
[INFO] [stderr]    Compiling rustls v0.19.1
[INFO] [stderr]    Compiling tokio-util v0.3.1
[INFO] [stderr]    Compiling kv-log-macro v1.0.7
[INFO] [stderr]    Compiling want v0.3.0
[INFO] [stderr]    Compiling url v1.7.2
[INFO] [stderr]    Compiling chacha20poly1305 v0.6.0
[INFO] [stderr]    Compiling x25519-dalek v1.1.1
[INFO] [stderr]    Compiling failure v0.1.8
[INFO] [stderr]    Compiling async-io v1.4.1
[INFO] [stderr]    Compiling snow v0.7.2
[INFO] [stderr]    Compiling prost-build v0.7.0
[INFO] [stderr]    Compiling if-watch v0.1.8
[INFO] [stderr]    Compiling if-watch v0.2.2
[INFO] [stderr]    Compiling async-global-executor v2.0.2
[INFO] [stderr]    Compiling async-process v1.1.0
[INFO] [stderr]    Compiling wasm-bindgen-macro-support v0.2.74
[INFO] [stderr]    Compiling tracing v0.1.26
[INFO] [stderr]    Compiling async-std v1.9.0
[INFO] [stderr]    Compiling tracing-futures v0.2.5
[INFO] [stderr]    Compiling toml v0.5.8
[INFO] [stderr]    Compiling ed25519-dalek v1.0.1
[INFO] [stderr]    Compiling serde_json v1.0.64
[INFO] [stderr]    Compiling tetsy-impl-serde v0.3.1
[INFO] [stderr]    Compiling tracing-serde v0.1.2
[INFO] [stderr]    Compiling impl-serde v0.3.1
[INFO] [stderr]    Compiling schnorrkel v0.9.1
[INFO] [stderr]    Compiling erased-serde v0.3.15
[INFO] [stderr]    Compiling minicbor v0.7.2
[INFO] [stderr]    Compiling futures-executor v0.3.15
[INFO] [stderr]    Compiling asynchronous-codec v0.5.0
[INFO] [stderr]    Compiling h2 v0.2.7
[INFO] [stderr]    Compiling futures-rustls v0.21.1
[INFO] [stderr]    Compiling tetsy-libp2p-core v0.27.2
[INFO] [stderr]    Compiling tetsy-libp2p-identify v0.27.1
[INFO] [stderr]    Compiling tetsy-libp2p-kad v0.28.2
[INFO] [stderr]    Compiling tetsy-libp2p-noise v0.29.2
[INFO] [stderr]    Compiling tc-network v0.8.0
[INFO] [stderr]    Compiling futures v0.3.15
[INFO] [stderr]    Compiling unsigned-varint v0.6.0
[INFO] [stderr]    Compiling tetcore-bip39 v0.4.2
[INFO] [stderr]    Compiling tracing-subscriber v0.2.18
[INFO] [stderr]    Compiling serializer v2.0.2
[INFO] [stderr]    Compiling tetsy-jsonrpc-core v15.1.0
[INFO] [stderr]    Compiling tp-chain-spec v2.0.2
[INFO] [stderr]    Compiling proc-macro-crate v0.1.5
[INFO] [stderr]    Compiling proc-macro-crate v1.0.0
[INFO] [stderr]    Compiling wasm-bindgen-macro v0.2.74
[INFO] [stderr]    Compiling rw-stream-sink v0.2.1
[INFO] [stderr]    Compiling tetsy-multistream-select v0.10.2
[INFO] [stderr]    Compiling wasm-timer v0.2.5
[INFO] [stderr]    Compiling soketto v0.4.2
[INFO] [stderr]    Compiling remux v0.8.0
[INFO] [stderr]    Compiling tetcore-utils v2.0.2
[INFO] [stderr]    Compiling tetsy-jsonrpc-pubsub v15.1.0
[INFO] [stderr]    Compiling tetsy-jsonrpc-client-transports v15.1.0
[INFO] [stderr]    Compiling tetsy-scale-codec-derive v2.0.1
[INFO] [stderr]    Compiling tp-runtime-interface-proc-macro v2.0.2
[INFO] [stderr]    Compiling multihash-derive v0.7.2
[INFO] [stderr]    Compiling tp-api-proc-macro v2.0.2
[INFO] [stderr]    Compiling tc-tracing-proc-macro v2.0.0
[INFO] [stderr]    Compiling tetsy-jsonrpc-derive v15.1.0
[INFO] [stderr]    Compiling wasm-bindgen v0.2.74
[INFO] [stderr]    Compiling tetsy-jsonrpc-core-client v15.1.0
[INFO] [stderr]    Compiling js-sys v0.3.51
[INFO] [stderr]    Compiling multihash v0.13.2
[INFO] [stderr]    Compiling hyper v0.13.10
[INFO] [stderr]    Compiling tetsy-scale-codec v2.0.1
[INFO] [stderr]    Compiling tetsy-multiaddr v0.11.2
[INFO] [stderr]    Compiling wasm-bindgen-futures v0.4.24
[INFO] [stderr]    Compiling tetsy-impl-codec v0.5.0
[INFO] [stderr]    Compiling tetcore-storage v2.0.2
[INFO] [stderr]    Compiling tetcore-tracing v2.0.2
[INFO] [stderr]    Compiling tetcore-wasm-interface v2.0.2
[INFO] [stderr]    Compiling arithmetic v2.0.2
[INFO] [stderr]    Compiling forktree v2.0.1
[INFO] [stderr]    Compiling tetsy-finality-grandpa v0.13.0
[INFO] [stderr]    Compiling tetsy-primitive-types v0.9.0
[INFO] [stderr]    Compiling tetsy-libp2p-swarm v0.27.1
[INFO] [stderr]    Compiling tetsy-libp2p-mplex v0.27.2
[INFO] [stderr]    Compiling tetsy-libp2p-tcp v0.27.2
[INFO] [stderr]    Compiling tetsy-libp2p-dns v0.27.2
[INFO] [stderr]    Compiling tetsy-libp2p-websocket v0.28.2
[INFO] [stderr]    Compiling tetsy-libp2p-wasm-ext v0.27.1
[INFO] [stderr]    Compiling tetsy-libp2p-remux v0.30.1
[INFO] [stderr]    Compiling externalities v0.8.2
[INFO] [stderr]    Compiling tetsy-libp2p-request-response v0.9.1
[INFO] [stderr]    Compiling tetsy-libp2p-ping v0.27.1
[INFO] [stderr]    Compiling tetsy-libp2p-mdns v0.28.1
[INFO] [stderr]    Compiling prometheus-endpoint v0.8.1
[INFO] [stderr]    Compiling tetsy-util-mem v0.9.0
[INFO] [stderr]    Compiling tp-runtime-interface v2.0.2
[INFO] [stderr]    Compiling tetsy-memory-db v0.26.0
[INFO] [stderr]    Compiling tetsy-kvdb v0.9.0
[INFO] [stderr]    Compiling tetcore-database v2.0.2
[INFO] [stderr]    Compiling tet-core v2.0.2
[INFO] [stderr]    Compiling tetsy-libp2p v0.34.3
[INFO] [stderr]    Compiling tp-trie v2.0.2
[INFO] [stderr]    Compiling tp-keystore v0.8.1
[INFO] [stderr]    Compiling tp-inherents v2.0.2
[INFO] [stderr]    Compiling tp-allocator v2.0.2
[INFO] [stderr]    Compiling tp-rpc v2.0.2
[INFO] [stderr]    Compiling tc-peerset v2.0.0
[INFO] [stderr]    Compiling tc-telemetry v2.0.0
[INFO] [stderr]    Compiling tc-executor-common v0.8.0
[INFO] [stderr]    Compiling tp-state-machine v0.8.2
[INFO] [stderr]    Compiling tc-executor-twasmi v0.8.0
[INFO] [stderr]    Compiling tc-tracing v2.0.0
[INFO] [stderr]    Compiling tet-io v2.0.2
[INFO] [stderr]    Compiling tet-application-crypto v2.0.2
[INFO] [stderr]    Compiling tp-tasks v2.0.1
[INFO] [stderr]    Compiling tp-runtime v2.0.2
[INFO] [stderr]    Compiling tc-keystore v2.0.0
[INFO] [stderr]    Compiling tp-version v2.0.2
[INFO] [stderr]    Compiling tp-staking v2.0.2
[INFO] [stderr]    Compiling tp-api v2.0.2
[INFO] [stderr]    Compiling tp-consensus v0.8.2
[INFO] [stderr]    Compiling tc-executor v0.8.0
[INFO] [stderr]    Compiling tp-block-builder v2.0.2
[INFO] [stderr]    Compiling tp-session v2.0.2
[INFO] [stderr]    Compiling tp-finality-grandpa v2.0.2
[INFO] [stderr]    Compiling tp-offchain v2.0.2
[INFO] [stderr]    Compiling tp-blockchain v2.0.2
[INFO] [stderr]    Compiling tp-transaction-pool v2.0.2
[INFO] [stderr]    Compiling tc-client-api v2.0.0
[INFO] [stderr]    Compiling tc-rpc-api v0.8.0
[INFO] [stderr]    Compiling tc-block-builder v0.8.0
[INFO] [stderr]    Compiling tc-consensus v0.8.0
[INFO] [stderr]    Compiling tc-rpc v2.0.0
[INFO] [stderr]    Compiling tc-network-gossip v0.8.0
[INFO] [stderr]    Compiling tc-finality-grandpa v0.8.0
[INFO] [stderr]    Compiling tc-finality-grandpa-rpc v0.8.0 (/opt/rustwide/workdir)
[INFO] [stderr]     Finished dev [unoptimized + debuginfo] target(s) in 6m 56s
[INFO] running `Command { std: "docker" "inspect" "446990f22f86c945f48b0edb7a2974e097910950158c459aef8211588867ad41", kill_on_drop: false }`
[INFO] running `Command { std: "docker" "rm" "-f" "446990f22f86c945f48b0edb7a2974e097910950158c459aef8211588867ad41", kill_on_drop: false }`
[INFO] [stdout] 446990f22f86c945f48b0edb7a2974e097910950158c459aef8211588867ad41
[INFO] running `Command { std: "docker" "create" "-v" "/var/lib/crater-agent-workspace/builds/worker-11/target:/opt/rustwide/target:rw,Z" "-v" "/var/lib/crater-agent-workspace/builds/worker-11/source:/opt/rustwide/workdir:ro,Z" "-v" "/var/lib/crater-agent-workspace/cargo-home:/opt/rustwide/cargo-home:ro,Z" "-v" "/var/lib/crater-agent-workspace/rustup-home:/opt/rustwide/rustup-home:ro,Z" "-e" "SOURCE_DIR=/opt/rustwide/workdir" "-e" "CARGO_TARGET_DIR=/opt/rustwide/target" "-e" "CARGO_INCREMENTAL=0" "-e" "RUST_BACKTRACE=full" "-e" "RUSTFLAGS=--cap-lints=forbid" "-e" "CARGO_HOME=/opt/rustwide/cargo-home" "-e" "RUSTUP_HOME=/opt/rustwide/rustup-home" "-w" "/opt/rustwide/workdir" "-m" "1610612736" "--user" "0:0" "--network" "none" "ghcr.io/rust-lang/crates-build-env/linux@sha256:20528e8c29e4536546f0102ce88568b16ea7538393a33fcca951030f7af10457" "/opt/rustwide/cargo-home/bin/cargo" "+881c1ac408d93bb7adaa3a51dabab9266e82eee8" "test" "--frozen" "--no-run" "--message-format=json", kill_on_drop: false }`
[INFO] [stdout] a2778fc0d9a64e9ce41fdd45329c67f70ec263d48c69c6d5258267bfc39106bd
[INFO] [stderr] WARNING: Your kernel does not support swap limit capabilities or the cgroup is not mounted. Memory limited without swap.
[INFO] running `Command { std: "docker" "start" "-a" "a2778fc0d9a64e9ce41fdd45329c67f70ec263d48c69c6d5258267bfc39106bd", kill_on_drop: false }`
[INFO] [stderr]    Compiling strum_macros v0.16.0
[INFO] [stderr]    Compiling strum v0.16.0
[INFO] [stderr]    Compiling tp-keyring v2.0.2
[INFO] [stderr]    Compiling tc-finality-grandpa-rpc v0.8.0 (/opt/rustwide/workdir)
[INFO] [stdout] error[E0433]: failed to resolve: use of undeclared crate or module `tetcore_test_runtime_client`
[INFO] [stdout]    --> src/lib.rs:206:6
[INFO] [stdout]     |
[INFO] [stdout] 206 |     use tetcore_test_runtime_client::{
[INFO] [stdout]     |         ^^^^^^^^^^^^^^^^^^^^^^^^^^^ use of undeclared crate or module `tetcore_test_runtime_client`
[INFO] [stdout] 
[INFO] [stdout] 
[INFO] [stdout] error[E0432]: unresolved import `tetcore_test_runtime_client`
[INFO] [stdout]    --> src/lib.rs:206:6
[INFO] [stdout]     |
[INFO] [stdout] 206 |     use tetcore_test_runtime_client::{
[INFO] [stdout]     |         ^^^^^^^^^^^^^^^^^^^^^^^^^^^ use of undeclared crate or module `tetcore_test_runtime_client`
[INFO] [stdout] 
[INFO] [stdout] 
[INFO] [stdout] error[E0412]: cannot find type `Header` in this scope
[INFO] [stdout]    --> src/lib.rs:218:40
[INFO] [stdout]     |
[INFO] [stdout] 218 |           finality_proof: Option<FinalityProof<Header>>,
[INFO] [stdout]     |                                                ^^^^^^
[INFO] [stdout]     | 
[INFO] [stdout]    ::: /opt/rustwide/cargo-home/registry/src/github.com-1ecc6299db9ec823/tp-runtime-2.0.2/src/traits.rs:545:1
[INFO] [stdout]     |
[INFO] [stdout] 545 | / pub trait Header:
[INFO] [stdout] 546 | |     Clone + Send + Sync + Codec + Eq + MaybeSerialize + Debug +
[INFO] [stdout] 547 | |     MaybeMallocSizeOf + 'static
[INFO] [stdout] 548 | | {
[INFO] [stdout] ...   |
[INFO] [stdout] 596 | |     }
[INFO] [stdout] 597 | | }
[INFO] [stdout]     | |_- similarly named trait `HeaderT` defined here
[INFO] [stdout]     |
[INFO] [stdout] help: a trait with a similar name exists
[INFO] [stdout]     |
[INFO] [stdout] 218 |         finality_proof: Option<FinalityProof<HeaderT>>,
[INFO] [stdout]     |                                              ^^^^^^^
[INFO] [stdout] help: consider importing one of these items
[INFO] [stdout]     |
[INFO] [stdout] 191 |     use tp_runtime::generic::Header;
[INFO] [stdout]     |
[INFO] [stdout] 191 |     use tp_runtime::testing::Header;
[INFO] [stdout]     |
[INFO] [stdout] 191 |     use tp_runtime::traits::Header;
[INFO] [stdout]     |
[INFO] [stdout] 
[INFO] [stdout] 
[INFO] [stdout] error[E0412]: cannot find type `Header` in this scope
[INFO] [stdout]    --> src/lib.rs:240:28
[INFO] [stdout]     |
[INFO] [stdout] 240 |       fn header(number: u64) -> Header {
[INFO] [stdout]     |                                 ^^^^^^
[INFO] [stdout]     | 
[INFO] [stdout]    ::: /opt/rustwide/cargo-home/registry/src/github.com-1ecc6299db9ec823/tp-runtime-2.0.2/src/traits.rs:545:1
[INFO] [stdout]     |
[INFO] [stdout] 545 | / pub trait Header:
[INFO] [stdout] 546 | |     Clone + Send + Sync + Codec + Eq + MaybeSerialize + Debug +
[INFO] [stdout] 547 | |     MaybeMallocSizeOf + 'static
[INFO] [stdout] 548 | | {
[INFO] [stdout] ...   |
[INFO] [stdout] 596 | |     }
[INFO] [stdout] 597 | | }
[INFO] [stdout]     | |_- similarly named trait `HeaderT` defined here
[INFO] [stdout]     |
[INFO] [stdout] help: a trait with a similar name exists
[INFO] [stdout]     |
[INFO] [stdout] 240 |     fn header(number: u64) -> HeaderT {
[INFO] [stdout]     |                               ^^^^^^^
[INFO] [stdout] help: consider importing one of these items
[INFO] [stdout]     |
[INFO] [stdout] 191 |     use tp_runtime::generic::Header;
[INFO] [stdout]     |
[INFO] [stdout] 191 |     use tp_runtime::testing::Header;
[INFO] [stdout]     |
[INFO] [stdout] 191 |     use tp_runtime::traits::Header;
[INFO] [stdout]     |
[INFO] [stdout] 
[INFO] [stdout] 
[INFO] [stdout] error[E0433]: failed to resolve: use of undeclared type `Header`
[INFO] [stdout]    --> src/lib.rs:245:3
[INFO] [stdout]     |
[INFO] [stdout] 245 |           Header::new(
[INFO] [stdout]     |           ^^^^^^
[INFO] [stdout]     | 
[INFO] [stdout]    ::: /opt/rustwide/cargo-home/registry/src/github.com-1ecc6299db9ec823/tp-runtime-2.0.2/src/traits.rs:545:1
[INFO] [stdout]     |
[INFO] [stdout] 545 | / pub trait Header:
[INFO] [stdout] 546 | |     Clone + Send + Sync + Codec + Eq + MaybeSerialize + Debug +
[INFO] [stdout] 547 | |     MaybeMallocSizeOf + 'static
[INFO] [stdout] 548 | | {
[INFO] [stdout] ...   |
[INFO] [stdout] 596 | |     }
[INFO] [stdout] 597 | | }
[INFO] [stdout]     | |_- similarly named trait `HeaderT` defined here
[INFO] [stdout]     |
[INFO] [stdout] help: a trait with a similar name exists
[INFO] [stdout]     |
[INFO] [stdout] 245 |         HeaderT::new(
[INFO] [stdout]     |         ^^^^^^^
[INFO] [stdout] help: consider importing one of these items
[INFO] [stdout]     |
[INFO] [stdout] 191 |     use tp_runtime::generic::Header;
[INFO] [stdout]     |
[INFO] [stdout] 191 |     use tp_runtime::testing::Header;
[INFO] [stdout]     |
[INFO] [stdout] 191 |     use tp_runtime::traits::Header;
[INFO] [stdout]     |
[INFO] [stdout] 
[INFO] [stdout] 
[INFO] [stdout] error[E0433]: failed to resolve: use of undeclared type `H256`
[INFO] [stdout]    --> src/lib.rs:247:4
[INFO] [stdout]     |
[INFO] [stdout] 247 |             H256::from_low_u64_be(0),
[INFO] [stdout]     |             ^^^^ not found in this scope
[INFO] [stdout]     |
[INFO] [stdout] help: consider importing one of these items
[INFO] [stdout]     |
[INFO] [stdout] 191 |     use tet_core::H256;
[INFO] [stdout]     |
[INFO] [stdout] 191 |     use tp_runtime::testing::H256;
[INFO] [stdout]     |
[INFO] [stdout] 
[INFO] [stdout] 
[INFO] [stdout] error[E0433]: failed to resolve: use of undeclared type `H256`
[INFO] [stdout]    --> src/lib.rs:248:4
[INFO] [stdout]     |
[INFO] [stdout] 248 |             H256::from_low_u64_be(0),
[INFO] [stdout]     |             ^^^^ not found in this scope
[INFO] [stdout]     |
[INFO] [stdout] help: consider importing one of these items
[INFO] [stdout]     |
[INFO] [stdout] 191 |     use tet_core::H256;
[INFO] [stdout]     |
[INFO] [stdout] 191 |     use tp_runtime::testing::H256;
[INFO] [stdout]     |
[INFO] [stdout] 
[INFO] [stdout] 
[INFO] [stdout] error[E0412]: cannot find type `Block` in this scope
[INFO] [stdout]    --> src/lib.rs:303:30
[INFO] [stdout]     |
[INFO] [stdout] 303 |         GrandpaJustificationSender<Block>,
[INFO] [stdout]     |                                    ^^^^^
[INFO] [stdout]     | 
[INFO] [stdout]    ::: /opt/rustwide/cargo-home/registry/src/github.com-1ecc6299db9ec823/tp-runtime-2.0.2/src/traits.rs:603:1
[INFO] [stdout]     |
[INFO] [stdout] 603 | pub trait Block: Clone + Send + Sync + Codec + Eq + MaybeSerialize + Debug + MaybeMallocSizeOf + 'static {
[INFO] [stdout]     | -------------------------------------------------------------------------------------------------------- similarly named trait `BlockT` defined here
[INFO] [stdout]     |
[INFO] [stdout] help: a trait with a similar name exists
[INFO] [stdout]     |
[INFO] [stdout] 303 |         GrandpaJustificationSender<BlockT>,
[INFO] [stdout]     |                                    ^^^^^^
[INFO] [stdout] help: consider importing one of these items
[INFO] [stdout]     |
[INFO] [stdout] 191 |     use tp_runtime::generic::Block;
[INFO] [stdout]     |
[INFO] [stdout] 191 |     use tp_runtime::testing::Block;
[INFO] [stdout]     |
[INFO] [stdout] 191 |     use tp_runtime::traits::Block;
[INFO] [stdout]     |
[INFO] [stdout] 
[INFO] [stdout] 
[INFO] [stdout] error[E0412]: cannot find type `Header` in this scope
[INFO] [stdout]    --> src/lib.rs:312:40
[INFO] [stdout]     |
[INFO] [stdout] 312 |           finality_proof: Option<FinalityProof<Header>>,
[INFO] [stdout]     |                                                ^^^^^^
[INFO] [stdout]     | 
[INFO] [stdout]    ::: /opt/rustwide/cargo-home/registry/src/github.com-1ecc6299db9ec823/tp-runtime-2.0.2/src/traits.rs:545:1
[INFO] [stdout]     |
[INFO] [stdout] 545 | / pub trait Header:
[INFO] [stdout] 546 | |     Clone + Send + Sync + Codec + Eq + MaybeSerialize + Debug +
[INFO] [stdout] 547 | |     MaybeMallocSizeOf + 'static
[INFO] [stdout] 548 | | {
[INFO] [stdout] ...   |
[INFO] [stdout] 596 | |     }
[INFO] [stdout] 597 | | }
[INFO] [stdout]     | |_- similarly named trait `HeaderT` defined here
[INFO] [stdout]     |
[INFO] [stdout] help: a trait with a similar name exists
[INFO] [stdout]     |
[INFO] [stdout] 312 |         finality_proof: Option<FinalityProof<HeaderT>>,
[INFO] [stdout]     |                                              ^^^^^^^
[INFO] [stdout] help: consider importing one of these items
[INFO] [stdout]     |
[INFO] [stdout] 191 |     use tp_runtime::generic::Header;
[INFO] [stdout]     |
[INFO] [stdout] 191 |     use tp_runtime::testing::Header;
[INFO] [stdout]     |
[INFO] [stdout] 191 |     use tp_runtime::traits::Header;
[INFO] [stdout]     |
[INFO] [stdout] 
[INFO] [stdout] 
[INFO] [stdout] error[E0412]: cannot find type `Block` in this scope
[INFO] [stdout]    --> src/lib.rs:315:30
[INFO] [stdout]     |
[INFO] [stdout] 315 |         GrandpaJustificationSender<Block>,
[INFO] [stdout]     |                                    ^^^^^
[INFO] [stdout]     | 
[INFO] [stdout]    ::: /opt/rustwide/cargo-home/registry/src/github.com-1ecc6299db9ec823/tp-runtime-2.0.2/src/traits.rs:603:1
[INFO] [stdout]     |
[INFO] [stdout] 603 | pub trait Block: Clone + Send + Sync + Codec + Eq + MaybeSerialize + Debug + MaybeMallocSizeOf + 'static {
[INFO] [stdout]     | -------------------------------------------------------------------------------------------------------- similarly named trait `BlockT` defined here
[INFO] [stdout]     |
[INFO] [stdout] help: a trait with a similar name exists
[INFO] [stdout]     |
[INFO] [stdout] 315 |         GrandpaJustificationSender<BlockT>,
[INFO] [stdout]     |                                    ^^^^^^
[INFO] [stdout] help: consider importing one of these items
[INFO] [stdout]     |
[INFO] [stdout] 191 |     use tp_runtime::generic::Block;
[INFO] [stdout]     |
[INFO] [stdout] 191 |     use tp_runtime::testing::Block;
[INFO] [stdout]     |
[INFO] [stdout] 191 |     use tp_runtime::traits::Block;
[INFO] [stdout]     |
[INFO] [stdout] 
[INFO] [stdout] 
[INFO] [stdout] error[E0412]: cannot find type `Block` in this scope
[INFO] [stdout]    --> src/lib.rs:429:52
[INFO] [stdout]     |
[INFO] [stdout] 429 |     fn create_justification() -> GrandpaJustification<Block> {
[INFO] [stdout]     |                                                       ^^^^^
[INFO] [stdout]     | 
[INFO] [stdout]    ::: /opt/rustwide/cargo-home/registry/src/github.com-1ecc6299db9ec823/tp-runtime-2.0.2/src/traits.rs:603:1
[INFO] [stdout]     |
[INFO] [stdout] 603 | pub trait Block: Clone + Send + Sync + Codec + Eq + MaybeSerialize + Debug + MaybeMallocSizeOf + 'static {
[INFO] [stdout]     | -------------------------------------------------------------------------------------------------------- similarly named trait `BlockT` defined here
[INFO] [stdout]     |
[INFO] [stdout] help: a trait with a similar name exists
[INFO] [stdout]     |
[INFO] [stdout] 429 |     fn create_justification() -> GrandpaJustification<BlockT> {
[INFO] [stdout]     |                                                       ^^^^^^
[INFO] [stdout] help: consider importing one of these items
[INFO] [stdout]     |
[INFO] [stdout] 191 |     use tp_runtime::generic::Block;
[INFO] [stdout]     |
[INFO] [stdout] 191 |     use tp_runtime::testing::Block;
[INFO] [stdout]     |
[INFO] [stdout] 191 |     use tp_runtime::traits::Block;
[INFO] [stdout]     |
[INFO] [stdout] 
[INFO] [stdout] 
[INFO] [stdout] error[E0412]: cannot find type `Block` in this scope
[INFO] [stdout]    --> src/lib.rs:509:48
[INFO] [stdout]     |
[INFO] [stdout] 509 |         let recv_justification: GrandpaJustification<Block> =
[INFO] [stdout]     |                                                      ^^^^^
[INFO] [stdout]     | 
[INFO] [stdout]    ::: /opt/rustwide/cargo-home/registry/src/github.com-1ecc6299db9ec823/tp-runtime-2.0.2/src/traits.rs:603:1
[INFO] [stdout]     |
[INFO] [stdout] 603 | pub trait Block: Clone + Send + Sync + Codec + Eq + MaybeSerialize + Debug + MaybeMallocSizeOf + 'static {
[INFO] [stdout]     | -------------------------------------------------------------------------------------------------------- similarly named trait `BlockT` defined here
[INFO] [stdout]     |
[INFO] [stdout] help: a trait with a similar name exists
[INFO] [stdout]     |
[INFO] [stdout] 509 |         let recv_justification: GrandpaJustification<BlockT> =
[INFO] [stdout]     |                                                      ^^^^^^
[INFO] [stdout] help: consider importing one of these items
[INFO] [stdout]     |
[INFO] [stdout] 191 |     use tp_runtime::generic::Block;
[INFO] [stdout]     |
[INFO] [stdout] 191 |     use tp_runtime::testing::Block;
[INFO] [stdout]     |
[INFO] [stdout] 191 |     use tp_runtime::traits::Block;
[INFO] [stdout]     |
[INFO] [stdout] 
[INFO] [stdout] 
[INFO] [stdout] error[E0412]: cannot find type `Header` in this scope
[INFO] [stdout]    --> src/lib.rs:536:41
[INFO] [stdout]     |
[INFO] [stdout] 536 |           let finality_proof_rpc: FinalityProof<Header> = Decode::decode(&mut &result[..]).unwrap();
[INFO] [stdout]     |                                                 ^^^^^^
[INFO] [stdout]     | 
[INFO] [stdout]    ::: /opt/rustwide/cargo-home/registry/src/github.com-1ecc6299db9ec823/tp-runtime-2.0.2/src/traits.rs:545:1
[INFO] [stdout]     |
[INFO] [stdout] 545 | / pub trait Header:
[INFO] [stdout] 546 | |     Clone + Send + Sync + Codec + Eq + MaybeSerialize + Debug +
[INFO] [stdout] 547 | |     MaybeMallocSizeOf + 'static
[INFO] [stdout] 548 | | {
[INFO] [stdout] ...   |
[INFO] [stdout] 596 | |     }
[INFO] [stdout] 597 | | }
[INFO] [stdout]     | |_- similarly named trait `HeaderT` defined here
[INFO] [stdout]     |
[INFO] [stdout] help: a trait with a similar name exists
[INFO] [stdout]     |
[INFO] [stdout] 536 |         let finality_proof_rpc: FinalityProof<HeaderT> = Decode::decode(&mut &result[..]).unwrap();
[INFO] [stdout]     |                                               ^^^^^^^
[INFO] [stdout] help: consider importing one of these items
[INFO] [stdout]     |
[INFO] [stdout] 191 |     use tp_runtime::generic::Header;
[INFO] [stdout]     |
[INFO] [stdout] 191 |     use tp_runtime::testing::Header;
[INFO] [stdout]     |
[INFO] [stdout] 191 |     use tp_runtime::traits::Header;
[INFO] [stdout]     |
[INFO] [stdout] 
[INFO] [stdout] 
[INFO] [stdout] error[E0599]: no method named `info` found for struct `Arc<_>` in the current scope
[INFO] [stdout]    --> src/lib.rs:439:11
[INFO] [stdout]     |
[INFO] [stdout] 439 |             client.info().best_hash,
[INFO] [stdout]     |                    ^^^^ method not found in `Arc<_>`
[INFO] [stdout]     |
[INFO] [stdout]     = note: `client` is a function, perhaps you wish to call it
[INFO] [stdout] 
[INFO] [stdout] 
[INFO] [stdout] error[E0599]: no method named `info` found for struct `Arc<_>` in the current scope
[INFO] [stdout]    --> src/lib.rs:440:11
[INFO] [stdout]     |
[INFO] [stdout] 440 |             client.info().best_number,
[INFO] [stdout]     |                    ^^^^ method not found in `Arc<_>`
[INFO] [stdout]     |
[INFO] [stdout]     = note: `client` is a function, perhaps you wish to call it
[INFO] [stdout] 
[INFO] [stdout] 
[INFO] [stdout] warning: unused import: `Encode`
[INFO] [stdout]    --> src/lib.rs:195:26
[INFO] [stdout]     |
[INFO] [stdout] 195 |     use tetsy_scale_codec::{Encode, Decode};
[INFO] [stdout]     |                             ^^^^^^
[INFO] [stdout]     |
[INFO] [stdout]     = note: `#[warn(unused_imports)]` on by default
[INFO] [stdout] 
[INFO] [stdout] 
[INFO] [stdout] warning: unused import: `tp_blockchain::HeaderBackend`
[INFO] [stdout]    --> src/lib.rs:201:6
[INFO] [stdout]     |
[INFO] [stdout] 201 |     use tp_blockchain::HeaderBackend;
[INFO] [stdout]     |         ^^^^^^^^^^^^^^^^^^^^^^^^^^^^
[INFO] [stdout] 
[INFO] [stdout] 
[INFO] [stdout] warning: unused import: `Header`
[INFO] [stdout]    --> src/lib.rs:205:44
[INFO] [stdout]     |
[INFO] [stdout] 205 |     use tp_runtime::traits::{Block as BlockT, Header as HeaderT};
[INFO] [stdout]     |                                               ^^^^^^
[INFO] [stdout] 
[INFO] [stdout] 
[INFO] [stdout] error: aborting due to 15 previous errors; 3 warnings emitted
[INFO] [stdout] 
[INFO] [stdout] 
[INFO] [stdout] Some errors have detailed explanations: E0412, E0432, E0433, E0599.
[INFO] [stdout] 
[INFO] [stdout] For more information about an error, try `rustc --explain E0412`.
[INFO] [stdout] 
[INFO] [stderr] error: could not compile `tc-finality-grandpa-rpc`
[INFO] [stderr] 
[INFO] [stderr] To learn more, run the command again with --verbose.
[INFO] running `Command { std: "docker" "inspect" "a2778fc0d9a64e9ce41fdd45329c67f70ec263d48c69c6d5258267bfc39106bd", kill_on_drop: false }`
[INFO] running `Command { std: "docker" "rm" "-f" "a2778fc0d9a64e9ce41fdd45329c67f70ec263d48c69c6d5258267bfc39106bd", kill_on_drop: false }`
[INFO] [stdout] a2778fc0d9a64e9ce41fdd45329c67f70ec263d48c69c6d5258267bfc39106bd
